ns digit of 17437399?
9
What is the thousands digit of 4658365?
8
What is the units digit of 70490?
0
What is the tens digit of 54473?
7
What is the hundreds digit of 21631?
6
What is the thousands digit of 3368891?
8
What is the tens digit of 167080?
8
What is the ten millions digit of 11783054?
1
What is the hundred thousands digit of 24617760?
6
What is the hundred thousands digit of 1134682?
1
What is the hundreds digit of 26423?
4
What is the hundreds digit of 511352?
3
What is the thousands digit of 6133802?
3
What is the thousands digit of 1679369?
9
What is the millions digit of 2231017?
2
What is the units digit of 2095723?
3
What is the hundred thousands digit of 27326728?
3
What is the units digit of 455056?
6
What is the thousands digit of 574289?
4
What is the millions digit of 3510663?
3
What is the ten thousands digit of 93053?
9
What is the ten thousands digit of 949420?
4
What is the units digit of 5023603?
3
What is the units digit of 12692952?
2
What is the hundred thousands digit of 280851?
2
What is the ten millions digit of 10207499?
1
What is the tens digit of 589667?
6
What is the hundred thousands digit of 512114?
5
What is the units digit of 13364611?
1
What is the thousands digit of 129291?
9
What is the tens digit of 7685877?
7
What is the ten thousands digit of 1501566?
0
What is the thousands digit of 5612451?
2
What is the tens digit of 2067019?
1
What is the hundreds digit of 597808?
8
What is the hundreds digit of 104084?
0
What is the ten thousands digit of 2382660?
8
What is the thousands digit of 5491010?
1
What is the hundreds digit of 105074?
0
What is the ten thousands digit of 10354003?
5
What is the tens digit of 1883224?
2
What is the tens digit of 437666?
6
What is the thousands digit of 714602?
4
What is the thousands digit of 8446007?
6
What is the units digit of 409673?
3
What is the hundred thousands digit of 1075234?
0
What is the hundred thousands digit of 2917955?
9
What is the tens digit of 503773?
7
What is the hundred thousands digit of 14071201?
0
What is the hundred thousands digit of 616782?
6
What is the units digit of 58614?
4
What is the thousands digit of 101205?
1
What is the units digit of 77038?
8
What is the hundreds digit of 148649?
6
What is the tens digit of 109972?
7
What is the tens digit of 609442?
4
What is the hundreds digit of 3075264?
2
What is the thousands digit of 5083037?
3
What is the hundreds digit of 1063306?
3
What is the tens digit of 461643?
4
What is the tens digit of 798494?
9
What is the hundred thousands digit of 652191?
6
What is the millions digit of 31705348?
1
What is the hundred thousands digit of 1210919?
2
What is the thousands digit of 9015060?
5
What is the hundreds digit of 428185?
1
What is the hundreds digit of 10947740?
7
What is the hundreds digit of 136780?
7
What is the hundred thousands digit of 14472039?
4
What is the hundreds digit of 126881?
8
What is the thousands digit of 28951?
8
What is the millions digit of 2243536?
2
What is the hundreds digit of 5886766?
7
What is the ten thousands digit of 182572?
8
What is the hundreds digit of 2177629?
6
What is the thousands digit of 8312824?
2
What is the ten thousands digit of 15848?
1
What is the tens digit of 490280?
8
What is the hundreds digit of 10402438?
4
What is the units digit of 47391?
1
What is the millions digit of 20216134?
0
What is the units digit of 2180443?
3
What is the units digit of 740610?
0
What is the ten millions digit of 15268466?
1
What is the tens digit of 3230?
3
What is the hundreds digit of 20157006?
0
What is the units digit of 18451?
1
What is the units digit of 912814?
4
What is the units digit of 105152?
2
What is the millions digit of 19558857?
9
What is the units digit of 351969?
9
What is the hundred thousands digit of 304569?
3
What is the units digit of 40637?
7
What is the hundreds digit of 2323920?
9
What is the thousands digit of 792045?
2
What is the units digit of 941911?
1
What is the units digit of 23647952?
2
What is the hundred thousands digit of 10066669?
0
What is the thousands digit of 125695?
5
What is the hundred thousands digit of 410737?
4
What is the ten thousands digit of 844565?
4
What is the millions digit of 3180453?
3
What is the hundred thousands digit of 699041?
6
What is the thousands digit of 2780833?
0
What is the tens digit of 12210965?
6
What is the units digit of 2217003?
3
What is the tens digit of 457622?
2
What is the hundred thousands digit of 109807?
1
What is the hundreds digit of 1437730?
7
What is the hundred thousands digit of 218782?
2
What is the millions digit of 1301435?
1
What is the units digit of 5786558?
8
What is the hundreds digit of 9192284?
2
What is the thousands digit of 2874692?
4
What is the hundreds digit of 318010?
0
What is the thousands digit of 20893?
0
What is the thousands digit of 5083425?
3
What is the hundred thousands digit of 4356703?
3
What is the ten thousands digit of 250125?
5
What is the hundred thousands digit of 4569072?
5
What is the ten thousands digit of 639528?
3
What is the ten thousands digit of 4389013?
8
What is the tens digit of 13430994?
9
What is the tens digit of 283307?
0
What is the units digit of 598943?
3
What is the hundred thousands digit of 690755?
6
What is the ten thousands digit of 2373344?
7
What is the hundreds digit of 7775?
7
What is the units digit of 797360?
0
What is the ten thousands digit of 8114772?
1
What is the ten millions digit of 13453169?
1
What is the hundreds digit of 601919?
9
What is the ten thousands digit of 246120?
4
What is the ten thousands digit of 531187?
3
What is the hundred thousands digit of 3897251?
8
What is the units digit of 1568943?
3
What is the thousands digit of 2311756?
1
What is the hundreds digit of 15588974?
9
What is the tens digit of 4884453?
5
What is the hundred thousands digit of 106198?
1
What is the millions digit of 5312471?
5
What is the millions digit of 9977173?
9
What is the units digit of 25893021?
1
What is the tens digit of 85064?
6
What is the ten thousands digit of 7391326?
9
What is the thousands digit of 19228414?
8
What is the hundreds digit of 10739892?
8
What is the ten thousands digit of 18781?
1
What is the tens digit of 11673041?
4
What is the units digit of 1472701?
1
What is the millions digit of 10027919?
0
What is the hundreds digit of 264031?
0
What is the thousands digit of 3619614?
9
What is the millions digit of 3727771?
3
What is the hundreds digit of 192067?
0
What is the thousands digit of 7319507?
9
What is the ten thousands digit of 15032047?
3
What is the thousands digit of 23465517?
5
What is the tens digit of 152967?
6
What is the units digit of 10064696?
6
What is the hundreds digit of 611464?
4
What is the units digit of 6091296?
6
What is the hundred thousands digit of 9137722?
1
What is the units digit of 9112386?
6
What is the tens digit of 580403?
0
What is the tens digit of 165539?
3
What is the hundreds digit of 7142170?
1
What is the millions digit of 1246558?
1
What is the thousands digit of 501766?
1
What is the hundreds digit of 443517?
5
What is the ten thousands digit of 3692816?
9
What is the hundred thousands digit of 23222121?
2
What is the units digit of 1915939?
9
What is the thousands digit of 4244642?
4
What is the hundred thousands digit of 4287615?
2
What is the ten thousands digit of 999750?
9
What is the thousands digit of 66190?
6
What is the thousands digit of 370226?
0
What is the hundreds digit of 5024140?
1
What is the millions digit of 10149420?
0
What is the thousands digit of 5173994?
3
What is the ten thousands digit of 1215869?
1
What is the units digit of 922538?
8
What is the units digit of 2344812?
2
What is the thousands digit of 41766012?
6
What is the units digit of 1142292?
2
What is the thousands digit of 229777?
9
What is the hundreds digit of 234401?
4
What is the hundreds digit of 498331?
3
What is the millions digit of 27102787?
7
What is the thousands digit of 135816?
5
What is the tens digit of 1965771?
7
What is the thousands digit of 172453?
2
What is the thousands digit of 1058818?
8
What is the ten thousands digit of 219858?
1
What is the ten thousands digit of 2530797?
3
What is the hundred thousands digit of 4465204?
